9. What is n(-23)?
136
Let m(b) = b**3 - 10*b**2 - 11*b - 45. Determine m(10).
-155
Let p(b) = -b**3 - 21*b**2 - 10*b + 2. Calculate p(-19).
-530
Let a(d) = -43*d**2 + 262*d + 14. What is a(7)?
-259
Let h(m) = -m**3 - 25*m**2 - 137*m + 22. What is h(-12)?
-206
Let g(n) = n**3 - 43*n**2 + 248*n + 144. What is g(36)?
0
Let h(s) = s**2 + 19*s - 54. What is h(11)?
276
Let h(u) = -52*u**2 + 105*u + 4. What is h(3)?
-149
Let d(p) = -487*p - 3083. Calculate d(-6).
-161
Let u(d) = 2*d**3 - 44*d**2 + 12*d + 28. Determine u(22).
292
Let b(o) = -417*o + 1238. What is b(3)?
-13
Let i(n) = 20*n**2 - 134*n - 13. Calculate i(7).
29
Let a(k) = k**3 + 37*k**2 + 6*k + 230. Determine a(-37).
8
Let h(o) = -111*o - 1789. Calculate h(-16).
-13
Let i(h) = 694*h - 2783. Give i(4).
-7
Let n(a) = a**2 + 3249*a + 9744. Give n(-3).
6
Let u(r) = -r**3 - 15*r**2 - 13*r + 10. Determine u(-14).
-4
Let b(a) = -a**2 - a + 28. What is b(-6)?
-2
Let q(a) = -26*a + 3601. Calculate q(138).
13
Let l(d) = -2*d**2 - 223*d - 1082. What is l(-5)?
-17
Let y(i) = -i**3 - 11*i**2 + 6*i - 280. Give y(-13).
-20
Let q(n) = 28*n**2 - 1569*n + 71. Calculate q(56).
15
Let h(c) = 4*c**3 + 79*c**2 - 106*c - 48. Give h(-21).
-27
Let m(w) = 40*w**2 + 61*w + 122. Determine m(-2).
160
Let s(f) = 4*f**2 + 29*f - 30. What is s(-12)?
198
Let n(l) = -96*l + 6819. Give n(71).
3
Let a(u) = -2*u**3 - 6*u**2 + 45*u - 1. Calculate a(4).
-45
Let w(a) = -a**3 + 91*a**2 - 88*a - 192. What is w(90)?
-12
Let f(k) = 2*k**3 - 25*k**2 - 104*k + 857. Give f(14).
-11
Let s(q) = 473*q - 12. What is s(1)?
461
Let b(r) = r**2 - 28*r + 74. Calculate b(27).
47
Let q(i) = -2*i**3 + 286*i**2 + 449*i - 23179. Calculate q(144).
5
Let f(w) = w**2 - 15*w + 4. Give f(14).
-10
Let w(u) = -43*u - 34. Determine w(5).
-249
Let x(n) = -14*n + 389. Calculate x(30).
-31
Let h(g) = 3*g**2 - 116*g + 692. Give h(37).
507
Let d(z) = 11*z - 58. Calculate d(-5).
-113
Let u(h) = 3*h**2 + 26*h - 2. Give u(-11).
75
Let a(c) = 2*c**2 + 42*c + 219. Calculate a(-10).
-1
Let w(t) = t**2 + 37*t + 34. Calculate w(-45).
394
Let i(q) = 50*q - 1586. Calculate i(32).
14
Let g(x) = -x**3 + 19*x**2 + 91*x - 1747. Determine g(19).
-18
Let p(m) = -12*m - 657. Calculate p(-57).
27
Let q(s) = -2*s**3 - 66*s**2 - 72*s - 90. Give q(-32).
166
Let q(c) = -2*c**2 - 37*c - 178. Determine q(-11).
-13
Let l(r) = 8*r - 1139. What is l(150)?
61
Let m(u) = -u**3 + 5*u**2 + 43*u - 13. Give m(-4).
-41
Let z(y) = -y**3 + 198*y**2 - 453*y + 11949. What is z(196)?
-7
Let x(m) = -m**2 - 75*m - 614. Give x(-9).
-20
Let l(c) = 11*c**3 + c**2 + 2*c - 3. What is l(3)?
309
Let o(l) = 13*l**2 - 151*l + 78. Calculate o(11).
-10
Let h(i) = 567*i + 10200. Give h(-18).
-6
Let p(a) = -34*a - 249. Give p(-9).
57
Let x(c) = c - 101. Calculate x(22).
-79
Let x(n) = 235*n - 4922. Determine x(21).
13
Let a(s) = -45*s - 7783. Calculate a(-173).
2
Let d(r) = -3*r**3 - 17*r**2 - 15*r - 1. What is d(-4)?
-21
Let p(m) = -31*m + 1072. Calculate p(35).
-13
Let x(n) = -203*n + 12588. Calculate x(62).
2
Let x(t) = -5*t**3 + 39*t**2 - 179*t + 1485. What is x(8)?
-11
Let u(d) = -85*d - 3576. What is u(-41)?
-91
Let z(b) = -8*b**2 - 82*b - 410. Calculate z(-6).
-206
Let v(s) = -78*s - 99. Calculate v(-3).
135
Let z(q) = q**3 - 3*q**2 - 26*q - 52. Determine z(-4).
-60
Let c(q) = q**3 - 10*q**2 + 11*q + 16. Calculate c(8).
-24
Let t(o) = 14*o + 68. Give t(11).
222
Let p(y) = -7*y**2 + 846*y + 1850. Calculate p(123).
5
Let l(h) = h**3 + 115*h**2 + 1325*h - 101. Determine l(-102).
1
Let o(j) = j**3 + 8*j**2 + 11*j + 45. Determine o(-5).
65
Let q(n) = 42*n + 353. Calculate q(-8).
17
Let v(j) = -j**3 + 64*j - 687. What is v(0)?
-687
Let n(a) = -84*a**2 - 23*a - 42. Give n(-2).
-332
Let o(q) = 3*q**2 - 58*q - 74. Determine o(23).
179
Let d(y) = -90*y + 367. Calculate d(7).
-263
Let p(x) = -5*x**2 - 21*x - 8. Give p(-4).
-4
Let r(l) = l**3 - 8*l**2 - 4*l + 74. Give r(6).
-22
Let a(z) = -8*z + 627. Give a(77).
11
Let h(x) = -x**2 - 67*x - 814. Give h(-51).
2
Let m(s) = 65*s - 2014. Determine m(31).
1
Let j(m) = -6*m**3 + 2*m**2 - 10*m - 11. Determine j(-1).
7
Let h(w) = 307*w - 2155. Calculate h(7).
-6
Let q(g) = g**3 + 96*g**2 - 613*g - 102. Calculate q(-102).
0
Let w(c) = 68*c**3 - 2*c**2 + 7*c - 1. Give w(2).
549
Let m(i) = 22*i + 146. What is m(0)?
146
Let j(u) = 507*u - 281. Calculate j(1).
226
Let b(i) = -i**2 + 849*i - 2518. What is b(3)?
20
Let k(q) = q**3 - 13*q**2 + 21*q + 59. Calculate k(4).
-1
Let f(n) = n**3 + 3*n**2 - 16*n + 5. Give f(3).
11
Let b(c) = 2*c**3 - 3*c**2 + 8*c - 91. What is b(6)?
281
Let h(d) = 71*d + 4. Determine h(3).
217
Let x(l) = l**2 - 99*l + 1770. What is x(22)?
76
Let i(u) = 193*u - 728. Calculate i(4).
44
Let a(z) = -6*z + 462. Calculate a(57).
120
Let f(a) = 449*a + 62855. Calculate f(-140).
-5
Let p(f) = 3764*f - 18789. Calculate p(5).
31
Let r(f) = 643*f + 12282. Give r(-19).
65
Let g(r) = 3*r**3 - 79*r**2 - 134*r - 174. Give g(28).
-6
Let c(b) = -2*b**3 - 185*b**2 - 2625*b + 24. Calculate c(-75).
24
Let z(p) = -5*p**2 + 23*p + 56. Give z(-3).
-58
Let r(f) = f**3 + f**2 - 3*f + 8. Calculate r(2).
14
Let y(c) = 86*c - 2598. Give y(30).
-18
Let o(i) = i**2 + 34*i - 32. Calculate o(-8).
-240
Let x(y) = 4*y**3 - 119*y**2 - 30*y + 3. Calculate x(30).
3
Let m(o) = o**3 + 45*o**2 + 18*o + 938. Give m(-45).
128
Let j(t) = 6*t**2 + 144*t - 145. What is j(-25)?
5
Let h(u) = 7*u - 155. What is h(22)?
-1
Let j(u) = 6*u**2 + 107*u + 21. Determine j(-17).
-64
Let c(o) = -176*o - 5788. Determine c(-33).
20
Let o(u) = u**2 - 355*u + 7935. What is o(24)?
-9
Let n(u) = -u**2 + 15*u + 657. What is n(34)?
11
Let a(f) = -f**2 - 174*f - 5191. Determine a(-134).
169
Let m(x) = -2*x**2 + 86*x - 786. Calculate m(30).
-6
Let g(r) = r**3 + 26*r**2 - 50*r - 613. What is g(-27)?
8
Let t(x) = 8*x**2 - 18*x - 19. Calculate t(0).
-19
Let s(m) = 5*m**2 + 30*m + 93. Determine s(-7).
128
Let l(v) = -10812*v - 194620. Determine l(-18).
-4
Let n(j) = 2*j**3 - 295*j**2 - 446*j - 149. What is n(149)?
0
Let g(i) = i**2 - 4*i - 213. Determine g(-12).
-21
Let s(t) = 256*t + 4393. Give s(-18).
-215
Let c(r) = -r**2 + 44*r - 82. Calculate c(42).
2
Let b(d) = -26*d**3 + 117*d**2 + 230*d - 2. Calculate b(-2).
214
Let m(t) = -3*t**3 + 494*t**2 + 1171*t - 327. What is m(167)?
7
Let r(h) = -4*h**3 - 39*h**2 - 35*h - 79. Give r(-9).
-7
Let j(y) = -y**2 - 52*y - 677. Calculate j(-27).
-2
Let n(x) = -45*x**2 - 85*x + 4. What is n(-2)?
-6
Let v(c) = 149*c + 280. Calculate v(-2).
-18
Let c(q) = q**3 + 32*q + 66. What is c(-2)?
-6
Let t(p) = 2*p**2 + 651*p + 6867. What is t(-11)?
-52
Let n(f) = 5*f**2 + 2*f + 60. Give n(0).
60
Let f(j) = -3*j**2 + 66*j + 53. Calculate f(26).
-259
Let p(i) = -124*i + 7678. Determine p(62).
-10
Let b(u) = 9*u**3 - 72*u**2 + u - 7. Calculate b(8).
1
Let n(q) = q**3 + 22*q**2 + 78*q + 393. Determine n(-19).
-6
Let l(x) = -171*x + 869. Determine l(5).
14
Let t(j) = -2542*j + 12714. What is t(5)?
4
Let d(y) = -y**3 - 72*y**2 - 136*y + 279. Calculate d(-70).
-1
Let x(d) = -7*d**3 + 6*d**2 + 11*d - 1. Determine x(-3).
209
Let d(w) = -2*w**2 + 24*w - 151. Give d(6).
-79
Let j(t) = 154*t + 377. What is j(-3)?
-85
Let w(j) = 2*j**2 + 358*j + 2722. What is w(-8)?
-14
Let i(c) = -c**2 + 15*c - 75. Calculate i(8).
-19
Let v(n) = -223*n + 3791. Give v(17).
0
Let y(q) = -q**3 + 34*q**2 - 249*q - 199. What is y(12)?
-19
Let t(y) = -34*y - 1102. What is t(-35)?
88
Let f(g) = g**3 - 18*g**2 + 78*g - 1035. Calculate f(17).
2
Let y(m) = 86*m + 48. What is y(-4)?
-296
Let c(y) = -y**3 + 27*y**2 + 111*y + 104. Calculate c(31).
-299
Let g(p) = -4*p**3 + 18*p**2 - 29*p + 103. What is g(5)?
-92
Let h(u) = -38*u**2 + 67*u + 44. Give h(6).
-922
Let b(s) = 419*s - 85049. What is b(203)?
8
Let z(a) = -13*a**2 - 9*a + 298. Calculate z(7).
-402
Let g(u) = 14152*u**2 + 84916*u + 19. What is g(-6)?
-5
Let t(n) = -n**2 - 1524*n - 3044. Give t(-2).
0
Let y(j) = 5*j - 122. Give y(-52).
-382
Let v(p) = -2*p**3 - 45*p**2 - 182*p + 742. Calculate v(-14).
-42
Let g(j) = 2*j**3 + 262*j**2 + 262*j + 250. Calculate g(-130).
-10
Let q(m) = -2*m**3 + 109*m**2 - 55*m + 52. Give q(54).
-2
Let c(v) = v**3 + 17*v**2 - 24*v - 20. What is c(-18)?
88
Let f(x) = 5*x**2 + 9*x - 17. What is f(0)?
-17
Let o(z) = 3*z**2 - 1237*z + 39603. Determine 